actor of 67161 and 5765937?
1101
What is the greatest common factor of 1287235 and 260?
5
Calculate the greatest common factor of 420 and 593396.
4
What is the highest common factor of 2239965 and 1638?
819
What is the highest common factor of 163338 and 26418?
42
Calculate the highest common factor of 1611 and 8712.
9
Calculate the highest common factor of 174983103 and 5244.
1311
What is the greatest common factor of 696 and 142197150?
174
What is the greatest common factor of 575266964 and 6484?
6484
Calculate the highest common factor of 654836014 and 16370.
3274
Calculate the highest common divisor of 11384190 and 90.
90
What is the greatest common divisor of 285031122 and 57?
57
What is the highest common factor of 12134801 and 343?
49
What is the greatest common divisor of 603188625 and 4875?
4875
Calculate the greatest common factor of 37372 and 258997303.
9343
Calculate the highest common factor of 75563 and 539068.
779
Calculate the highest common factor of 116990708 and 904.
452
Calculate the highest common divisor of 33114573 and 3537.
1179
What is the greatest common factor of 228151509 and 1887?
1887
What is the highest common factor of 24 and 2298961656?
24
What is the highest common divisor of 87 and 136155841?
29
What is the greatest common divisor of 17916 and 31692?
12
What is the highest common factor of 714 and 11767434?
714
What is the highest common divisor of 3092918 and 8?
2
What is the greatest common divisor of 128492 and 94549?
91
Calculate the greatest common factor of 228335681 and 6484.
1621
Calculate the highest common factor of 70837860 and 5.
5
What is the greatest common divisor of 32905785 and 30?
15
Calculate the greatest common divisor of 330418377 and 4023.
1341
Calculate the highest common factor of 7782944 and 181472.
1696
Calculate the greatest common factor of 49590 and 76266.
342
What is the greatest common divisor of 4760 and 4618985?
595
What is the highest common divisor of 330 and 37362380?
110
Calculate the highest common divisor of 11986 and 1199522.
922
Calculate the greatest common divisor of 34360 and 2500.
20
What is the highest common divisor of 14536 and 3683864?
184
What is the greatest common factor of 984 and 427548?
492
What is the highest common factor of 8955141 and 22763?
221
What is the highest common divisor of 24853800 and 13248?
552
Calculate the highest common factor of 119938260 and 8892.
2964
Calculate the highest common divisor of 164606 and 2366.
338
Calculate the greatest common divisor of 89260 and 64910.
10
Calculate the greatest common factor of 656 and 428942.
82
Calculate the greatest common factor of 2502715 and 225070.
1585
Calculate the highest common divisor of 6655 and 5294080.
55
Calculate the greatest common divisor of 1701287177 and 6079.
6079
Calculate the highest common factor of 655918902 and 164.
82
Calculate the greatest common factor of 1130 and 350830.
10
Calculate the greatest common divisor of 2495262 and 8778.
462
What is the highest common divisor of 126471496 and 397?
397
What is the highest common factor of 5180 and 100908620?
740
Calculate the highest common divisor of 78 and 336869.
13
Calculate the highest common divisor of 179772 and 1134336.
2532
What is the highest common factor of 88139550 and 30?
30
What is the greatest common factor of 184526 and 129599?
359
Calculate the greatest common divisor of 762005675 and 200.
25
What is the greatest common divisor of 1165625 and 5125?
125
What is the highest common divisor of 781698 and 17214?
114
What is the greatest common divisor of 147719 and 148720?
143
What is the greatest common divisor of 50 and 567763675?
25
Calculate the greatest common divisor of 25 and 84536010.
5
Calculate the greatest common divisor of 792367750 and 62.
62
Calculate the greatest common factor of 26409320 and 200.
40
Calculate the greatest common divisor of 47 and 10410124.
47
What is the greatest common divisor of 1428 and 9437295?
357
Calculate the greatest common divisor of 358134158 and 254.
254
What is the greatest common factor of 5472266 and 18518?
394
Calculate the greatest common factor of 24 and 6895410.
6
Calculate the greatest common factor of 45072 and 181890.
18
What is the greatest common divisor of 43104 and 44724?
12
What is the greatest common factor of 10237 and 997716?
29
What is the highest common factor of 127476594 and 189?
63
Calculate the highest common factor of 6412 and 206003.
7
Calculate the highest common divisor of 11256 and 284136.
24
Calculate the greatest common factor of 828 and 95018796.
828
What is the greatest common factor of 1088 and 1860?
4
What is the highest common factor of 25 and 916008175?
25
What is the highest common factor of 19242176 and 6016?
3008
Calculate the highest common divisor of 12238 and 3240071690.
12238
What is the greatest common factor of 14065956 and 1368?
36
Calculate the greatest common divisor of 108 and 8304363.
27
What is the highest common factor of 1388765 and 105?
35
Calculate the highest common divisor of 200976 and 17833440.
2544
What is the highest common factor of 1343 and 468673?
17
What is the highest common factor of 1494 and 23886?
18
Calculate the highest common divisor of 159499175 and 15125.
3025
What is the greatest common factor of 603 and 55543938?
201
What is the highest common factor of 22582 and 462?
14
Calculate the greatest common factor of 265530 and 1400.
10
What is the greatest common factor of 2862 and 24178176?
2862
Calculate the greatest common factor of 352184 and 2562.
14
What is the greatest common divisor of 69242670 and 140?
70
Calculate the highest common factor of 37 and 126532970.
37
Calculate the highest common divisor of 82294 and 2944.
46
What is the highest common divisor of 20286790 and 100?
10
What is the highest common divisor of 519 and 3199289?
173
Calculate the highest common divisor of 3173 and 56279.
167
Calculate the greatest common divisor of 68521938 and 2.
2
Calculate the greatest common factor of 25993 and 165098084.
2363
Calculate the highest common factor of 576 and 18500864.
64
Calculate the greatest common divisor of 43644 and 83.
1
What is the highest common factor of 2250661 and 35?
7
What is the greatest common divisor of 1376409 and 124931?
271
What is the greatest common factor of 1181502 and 6846?
42
What is the greatest common factor of 47430 and 12562626?
3162
Calculate the greatest common factor of 22149 and 84851.
107
What is the highest common factor of 587120670 and 4590?
4590
Calculate the greatest common factor of 7565064 and 3198.
78
Calculate the greatest common factor of 3661 and 209070296.
523
What is the greatest common factor of 78 and 500114?
2
What is the greatest common divisor of 9924705 and 180?
45
What is the greatest common factor of 1153111 and 12426?
109
What is the highest common divisor of 36316540 and 69?
23
Calculate the greatest common factor of 30 and 840094590.
30
What is the greatest common factor of 33135423 and 423?
141
Calculate the greatest common divisor of 31878 and 15722.
14
What is the greatest common factor of 53391 and 13143?
39
Calculate the highest common divisor of 2470 and 10009770.
190
What is the highest common factor of 145 and 457243?
29
What is the greatest common factor of 1017999613 and 19?
19
Calculate the greatest common divisor of 31723950 and 750.
150
What is the highest common divisor of 466 and 86918786?
466
What is the highest common factor of 14622945 and 150?
15
What is the highest common factor of 12 and 34456866?
6
What is the greatest common divisor of 4423224 and 3432?
312
Calculate the highest common divisor of 236691 and 37401.
273
Calculate the highest common divisor of 36121 and 47519.
41
Calculate the greatest common divisor of 88170745 and 20.
5
Calculate the highest common divisor of 1359 and 265627422.
1359
Calculate the highest common divisor of 49010 and 14695170.
290
Calculate the highest common factor of 200793 and 894.
3
What is the greatest common divisor of 93279717 and 18?
9
What is the highest common factor of 31598 and 44040841?
2257
Calculate the greatest common divisor of 10322504 and 1391.
107
What is the highest common factor of 16313 and 20218?
11
Calculate the highest common divisor of 58413165